 - 487. Calculate n(3).
8
Let x(u) = 4*u**3 + 26*u**2 - 76*u - 429. Calculate x(-7).
5
Let v(y) = 9*y**3 - 17*y**2 - 3*y + 5. What is v(1)?
-6
Let v(y) = -y**3 - 6*y**2 + 18*y + 13. Calculate v(-9).
94
Let q(w) = -w**3 - 11*w**2 + 135*w + 94. What is q(-18)?
-68
Let l(w) = -4152*w + 16607. Calculate l(4).
-1
Let o(z) = 1137*z - 2283. Calculate o(2).
-9
Let r(u) = -5*u**3 + 46*u**2 - 47*u - 14. Calculate r(8).
-6
Let m(s) = -8*s**2 + 40*s - 10. Calculate m(4).
22
Let x(w) = -2*w**3 + 79*w**2 - 4*w - 167. Give x(39).
1198
Let c(j) = 757*j - 784. Calculate c(1).
-27
Let l(u) = -34*u - 325. Give l(-9).
-19
Let x(s) = -10*s + 743. What is x(19)?
553
Let q(y) = y**3 + 4*y**2 - 92*y + 238. What is q(4)?
-2
Let k(y) = y**2 + 30*y - 1536. Give k(27).
3
Let j(v) = 38*v**2 + 312*v + 64. What is j(-8)?
0
Let q(h) = -h**3 - 113*h**2 + 713*h - 129. Give q(-119).
-10
Let k(n) = 278*n - 275. Determine k(1).
3
Let f(t) = -20*t + 513. What is f(27)?
-27
Let j(n) = -2*n**3 - 29*n**2 - 212. Determine j(-15).
13
Let t(x) = 58*x - 5941. Calculate t(103).
33
Let m(s) = -7*s - 429. What is m(-5)?
-394
Let v(l) = -43*l**2 + 38*l + 134. Give v(-3).
-367
Let x(m) = -1747*m - 20961. Determine x(-12).
3
Let c(i) = -i**2 + 24*i + 117. Give c(27).
36
Let b(n) = -21*n + 778. Calculate b(38).
-20
Let u(f) = -f**3 - 483*f**2 + 111832*f + 341. Determine u(171).
-1
Let v(h) = -46*h - 993. What is v(-10)?
-533
Let f(r) = r**3 + 20*r**2 + 73*r + 11. Give f(-4).
-25
Let r(n) = -n**3 + 16*n**2 - 26*n - 13. Give r(10).
327
Let q(s) = 28*s - 905. Calculate q(33).
19
Let d(a) = a**3 + 6*a**2 + 2*a - 3. Calculate d(-6).
-15
Let f(z) = -z**3 + 7*z**2 + 11*z - 119. Give f(6).
-17
Let v(l) = -3*l**3 + 8*l**2 + 4*l + 14. What is v(4)?
-34
Let n(g) = -367*g - 1459. Give n(-4).
9
Let g(x) = 2*x**2 - 80*x + 75. What is g(39)?
-3
Let g(w) = 91*w + 7. Determine g(1).
98
Let b(f) = -15*f**2 - 21*f - 75. Determine b(-6).
-489
Let z(i) = 47*i + 7530. Give z(-161).
-37
Let y(s) = 1846*s + 14776. Determine y(-8).
8
Let q(v) = -v**2 + 246*v - 12314. Determine q(176).
6
Let v(m) = 211*m + 640. Give v(-3).
7
Let q(n) = -104*n + 21940. Give q(211).
-4
Let w(s) = s**3 - 10*s**2 - 15*s + 140. Give w(8).
-108
Let u(d) = -151*d - 31259. What is u(-207)?
-2
Let x(l) = l**3 + 3*l**2 - 6*l + 1. Calculate x(4).
89
Let h(f) = -860*f + 8601. Give h(10).
1
Let v(l) = 2*l**3 - 32*l**2 + 35*l - 58. Determine v(15).
17
Let s(g) = 2*g**3 - 78*g**2 - 172*g + 87. Give s(41).
-241
Let m(f) = 6*f**2 - 255*f - 130. Determine m(43).
-1
Let p(z) = -3*z**3 + 396*z**2 - 6*z + 792. Determine p(132).
0
Let b(z) = 507*z - 40081. Determine b(79).
-28
Let v(i) = -i**3 + 70*i**2 - 151*i + 1029. Give v(68).
9
Let a(y) = 2*y**2 + 25*y + 30. Determine a(-9).
-33
Let v(f) = -f**2 - 108*f - 2830. Calculate v(-61).
37
Let c(y) = -19*y - 608. Calculate c(-32).
0
Let x(f) = 44*f - 56. What is x(8)?
296
Let j(d) = d**2 + 129*d + 3494. What is j(-39)?
-16
Let z(d) = 245*d - 29. Calculate z(-1).
-274
Let x(t) = 7*t + 140. Calculate x(-18).
14
Let j(h) = 622*h - 3115. Calculate j(5).
-5
Let a(h) = -278*h + 13874. Calculate a(50).
-26
Let l(j) = j**2 + 2625*j - 21063. Determine l(8).
1
Let v(r) = r**3 - r**2 + 2*r + 57. Determine v(0).
57
Let z(k) = -18*k**2 + 314*k - 150. Calculate z(17).
-14
Let z(a) = -5*a**2 + 751*a + 597. Give z(151).
-7
Let r(a) = 232*a - 2767. What is r(12)?
17
Let q(t) = 2*t**2 - 284*t - 6094. Give q(-19).
24
Let c(r) = -r**3 - 29*r**2 + 131*r + 1115. Determine c(-32).
-5
Let m(s) = -243*s + 1462. Give m(6).
4
Let s(t) = 134*t + 227. Determine s(-4).
-309
Let x(g) = g**3 - 33*g**2 - 10*g + 263. Give x(34).
1079
Let a(h) = -h**3 + h**2 + 37*h + 11. Determine a(6).
53
Let l(o) = -3*o**3 + 31*o**2 - 13*o + 45. Determine l(10).
15
Let m(z) = -z**3 - 49*z**2 - 346*z - 726. What is m(-41)?
12
Let a(i) = -159*i - 2400. Calculate a(-15).
-15
Let c(g) = -7*g - 39. Calculate c(-16).
73
Let z(d) = -3*d**2 - 121*d + 635. Determine z(5).
-45
Let k(y) = y**3 - 2*y**2 - 23*y + 4. Give k(-4).
0
Let c(w) = -15*w + 230. Calculate c(9).
95
Let k(w) = 1419*w + 8501. What is k(-6)?
-13
Let j(s) = 5*s**3 + 14*s**2 + 11*s + 61. Calculate j(-5).
-269
Let s(a) = 2567*a + 92441. What is s(-36)?
29
Let o(n) = -6672*n - 53375. Determine o(-8).
1
Let w(l) = 2*l**3 + 281*l**2 + 140*l + 30. Give w(-140).
30
Let a(w) = 930*w**3 - 106*w - 106. Determine a(-1).
-930
Let t(y) = -2*y**2 + 10*y + 41. Determine t(8).
-7
Let x(s) = -s**3 + 5*s**2 + 31*s + 53. Determine x(9).
8
Let g(c) = -4*c**2 + 41*c - 68. Calculate g(7).
23
Let g(a) = a**3 + 12*a**2 - 13*a + 53. Determine g(-13).
53
Let z(y) = 8*y**3 - y**2 + 144*y - 143. What is z(1)?
8
Let r(b) = 2*b**3 - 24*b**2 - 20*b + 331. What is r(11)?
-131
Let n(z) = 34*z**2 + 17*z - 2. What is n(-1)?
15
Let m(r) = -13*r - 879. Calculate m(-70).
31
Let r(u) = u**3 - 391*u**2 + 13097*u + 15. Give r(37).
-22
Let f(m) = -216*m + 10. Determine f(0).
10
Let h(o) = 2*o**3 - 72*o**2 + 74*o - 148. Calculate h(35).
-8
Let f(m) = -81*m + 13. Calculate f(4).
-311
Let k(i) = -2*i - 6. Give k(21).
-48
Let t(p) = 145*p + 1196. What is t(-6)?
326
Let p(v) = 122*v**3 + 2*v**2 - 2*v - 3. Determine p(-1).
-121
Let a(i) = -123*i + 8788. Give a(70).
178
Let q(s) = -s**3 - 16*s**2 + 54*s + 639. What is q(-17)?
10
Let i(n) = n**3 + 23*n**2 + 26*n + 35. Calculate i(-22).
-53
Let v(z) = z**3 - 12*z**2 + 8*z - 7. What is v(12)?
89
Let b(q) = -264*q - 4510. Give b(-17).
-22
Let s(a) = 41*a - 228. Calculate s(28).
920
Let b(o) = 71*o + 2118. What is b(-30)?
-12
Let j(s) = -s**2 + 13*s + 24. What is j(9)?
60
Let g(o) = -181*o - 451. Calculate g(-3).
92
Let b(q) = -q**3 + 14*q**2 - 41*q - 14. Give b(10).
-24
Let m(a) = -17*a**2 + 78*a + 389. Calculate m(-3).
2
Let j(x) = -6*x**2 + 149*x - 126. Calculate j(24).
-6
Let i(t) = -2*t**2 + 59*t + 124. Give i(32).
-36
Let s(f) = -f**2 + 41*f - 71. Give s(40).
-31
Let n(u) = 54*u - 4434. Give n(82).
-6
Let f(d) = d**2 + 121*d - 624. Calculate f(5).
6
Let p(o) = -2231*o + 4456. Calculate p(2).
-6
Let v(u) = 2*u**3 - 4*u**2 - 5*u + 3. Determine v(3).
6
Let g(q) = -570*q + 3470. What is g(6)?
50
Let t(s) = 5*s**2 + 15*s - 94. Calculate t(4).
46
Let z(r) = 196*r + 13435. Determine z(-69).
-89
Let b(z) = z**3 - 53*z - 11. What is b(-8)?
-99
Let v(b) = -181*b - 75. What is v(-1)?
106
Let f(m) = m**3 - 34*m**2 + 17*m + 199. Determine f(33).
-329
Let y(h) = 5*h**3 + 138*h**2 - 110*h - 1506. Calculate y(-28).
6
Let a(x) = 521*x + 61. Give a(-2).
-981
Let h(w) = -w**3 - 43*w**2 + 465*w + 43. What is h(9)?
16
Let j(b) = -14*b**2 + 286*b - 122. Determine j(20).
-2
Let o(y) = 5*y**2 + 607*y + 259. What is o(-121)?
17
Let s(i) = 111*i - 833. Determine s(8).
55
Let v(g) = -6*g**3 - 55*g**2 - 6*g + 4. Calculate v(-9).
-23
Let f(v) = -667*v + 6652. What is f(10)?
-18
Let r(w) = -18*w**2 + 957*w - 156. What is r(53)?
3
Let d(n) = 151*n**3 + 3*n**2 + 73*n + 69. What is d(-1)?
-152
Let c(j) = -2*j**2 + 204*j + 4804. Calculate c(122).
-76
Let f(x) = -x**3 + 8*x**2 + 15*x - 179. Determine f(6).
-17
Let a(l) = 4*l**2 - 186*l + 1160. What is a(39)?
-10
Let u(o) = 419*o + 14662. What is u(-35)?
-3
Let p(x) = x**3 + 70*x**2 + 5*x + 355. Give p(-70).
5
Let u(v) = 2*v**2 - 13*v - 298. What is u(17)?
59
Let k(x) = -6766*x + 47360. Calculate k(7).
-2
Let h(g) = 43*g**2 - 288*g - 33. Determine h(7).
58
Let r(v) = -v**2 - 123*v + 2888. Determine r(-143).
28
Let j(w) = 32*w**2 + 545*w + 4. Calculate j(-17).
-13
Let k(s) = -3*s**2 - 114*s + 217. What is k(-40)?
-23
Let d(l) = -280*l - 584. Determine d(-2).
-24
Let m(q) = q**2 - 155*q + 1327. Calculate m(9).
13
Let l(a) = -105*a + 24561. What is l(234)?
-9
Let n(j) = -31*j - 1132. Determine n(-37).
15
Let j(f) = f**2 + 5*f - 645. Give j(-28).
-1
Let h(b) = -b**3 - 4*b**2 - b + 119. Determine h(0).
119
Let q(c) = -c**3 - 6*c**2 + 121*c - 220. Determine q(7).
-10
Let b(r) = 3240*r + 61542. What is b(-19)?
-18
Let f(v) = v**2 - 183*v - 1371. Determine f(-7).
-41
Let y(a) = 1647*a + 37869. Give y(-23).
-12
Let b(l) = -5*l - 146. Determine b(0).
-146
Let x(i) = 194*i + 3492. Give x(-18).
0
Let s(n) = -56*n + 5603. Determine s(100).
3
Let y(p) = 4*p**2 + 526*p - 270. What is y(-132)?
-6
Let p(m) = -m**3 - 60*m**2 - 60*m + 9. What is p(-59)?
68
Let v(r) = -r**2 - 25*r + 59. Determine v(-